- 109. Determine n(-2).
13
Let c(w) = -3*w**2 + 17*w - 8. Let z be c(5). Let v(a) be the third derivative of a**6/24 + a**5/60 + a**4/12 - a**3/3 + 159*a**2. What is v(z)?
46
Let s(c) = -c - 27. Suppose -3*r = -5*l - 24, -370 + 410 = -5*l - 5*r. Determine s(l).
-21
Suppose 2*r + 66 = 5*u, 230*u = 226*u - 5*r + 99. Let h(p) = -2*p**2 + 26*p - 8. Calculate h(u).
-104
Let x(w) = 3*w**2 - 4*w + 13. Let n be x(-12). Let a(z) = 1 + 0 + n*z - 491*z. Determine a(-10).
-19
Let j(d) = 9*d**2 + 4*d - 33. Let o(q) = -2*q**2 + 16. Let a(u) = 2*j(u) + 4*o(u). Give a(-3).
64
Let b(f) = -f + 12. Suppose 4*q - 8*q - 9 = -3*m, -35 = -5*q + 13*m. What is b(q)?
18
Let r(u) = 12*u + 56. Let n be (-42)/28*-1*(-4 + 5 - 3). What is r(n)?
20
Let f(p) be the second derivative of -p**4/12 + 25*p**3/6 + 101*p**2/2 - 2975*p. Calculate f(29).
-15
Suppose -12*b + 65 = b. Suppose -21 = -q + 4*g, 9*g + b = 8*g. Let w(x) = 3*x**3 - 2*x**2 + 2*x - 2. Determine w(q).
1
Let p(n) = 4*n**2 + 1. Let o(y) = y**2 + 4*y. Let t be o(-13). Suppose -t*q - 11 = -128*q. Calculate p(q).
5
Let q(n) = -3*n**2 + 1. Suppose 5*h + 29 = 4*y, -3*y + 16 = -5*h - 12. Give q(y).
-2
Let g(l) = l**2 + l + 4. Let h = 1386 - 1383. What is g(h)?
16
Let j = -5 + 9. Let b be (-5)/j*(6 + 2). Let x(t) = t + 9. Calculate x(b).
-1
Let q(n) = n**3 - n - 2. Suppose 37*v = -9 - 65. Give q(v).
-8
Let j(a) = -a**3 - 10*a**2 + 26*a - 2. Let o = -23940 + 23928. Calculate j(o).
-26
Let t(l) = -l. Suppose -2*q - 30 - 110 = 4*d, -3*q = -d - 28. Let a = -58 + 23. Let i = d - a. Calculate t(i).
-1
Suppose 0*q = q - o - 8, 22 = 5*q + 4*o. Let a be (-15)/q*12/(-10). Let d(g) be the first derivative of g**2 - g - 894. What is d(a)?
5
Suppose -4*t - 117 + 137 = 2*u, 19 = 5*t + 4*u. Let d(i) = -2*i**2 + 15*i + 6. Give d(t).
13
Let u(m) = -m**2 - 14*m - 7. Let h(k) = -k**2 - 15*k - 16. Let v(t) = -2*h(t) + 5*u(t). Give v(-14).
-31
Suppose 5*v - 196 = 3*v. Let c = -228 + 136. Let z = v + c. Let k(l) = l**3 - 6*l**2 - l - 8. Determine k(z).
-14
Let x be 24/36 + (-5)/(45/(-102)). Suppose 0 = -11*t + x*t - 2. Let v(w) = 9*w + 13. Let a(j) = -2*j - 3. Let q(z) = 26*a(z) + 6*v(z). Give q(t).
4
Suppose 4*x - 6*x + 22 = 0. Let g(l) = -3*l - 8*l - 3 + x*l - l. Suppose 2*n = -9 - 1. Give g(n).
2
Let r(c) be the first derivative of 3/2*c**2 - 17*c - 296. Determine r(5).
-2
Let c(n) = -n**2 - 8*n - 15. Let i = 189 - 194. Let q be c(i). Let t(h) = 7*h + 31. Let x(k) = -10*k - 46. Let p(b) = 7*t(b) + 5*x(b). Calculate p(q).
-13
Let t(v) = -17*v**3 + 8*v**2 - 9*v + 11. Let g(p) = p**3 + 2*p**2 - 2*p + 3. Let m(i) = 4*g(i) - t(i). What is m(-1)?
-21
Let u(d) = 15*d - 1. Let h = 72 - 42. Suppose -3*s + 4*m = -6*s + 30, -h = -3*s + m. Suppose -3*q - 12 = 3*f, -2*q - 2*f = -6*f - s. What is u(q)?
-16
Let l(w) be the first derivative of -w**4/4 + 2*w**3 - w**2 - 15*w - 2841. Calculate l(6).
-27
Let h(i) be the third derivative of i**7/70 + i**6/360 + i**5/120 + i**4/24 + 35*i**3 - 19*i**2. Let u(b) be the first derivative of h(b). Calculate u(-1).
-11
Let w(m) be the first derivative of m**2/2 + 16*m + 1426. Calculate w(-10).
6
Suppose 0*y + y = -2*z + 17, -2*y - 3*z + 29 = 0. Let v(q) = -y*q - 8 - 2*q + 5*q. Let x = 96631 + -96637. What is v(x)?
16
Suppose 3*i = -2*w, -w + 3*i = -6*w. Let l(a) be the first derivative of -a**4/4 + a**3/3 - 5*a - 1517. Calculate l(w).
-5
Let r(l) = -l**3 + 4*l**2 + 3*l - 1. Let h(y) = -36*y - 7. Let v be h(-3). Let m = -97 + v. Determine r(m).
11
Let c be -5 - -3 - -2 - -24. Let f be c + -21 + 0 + -1. Let r(h) = 2*h + 4*h**2 - 2*h**f + 3 - h**2 - 2*h**2. Calculate r(-2).
-5
Let f(q) be the first derivative of 2*q**3/3 - 3*q**2/2 + 10*q - 1762. Calculate f(2).
12
Suppose -184*x = -61*x - 1968. Let p(j) = -2*j + 38. Give p(x).
6
Let j(l) = -l**2 - 2*l. Let d(u) = -u - 1. Let w(t) = d(t) - j(t). Suppose 857*q = 129 + 2442. Give w(q).
11
Let n = -122 + 128. Let y(a) = -2*a + 3 + 5*a + 2*a**2 + 2*a + 0*a**2 - 3*a**2. Determine y(n).
-3
Let u(v) be the third derivative of v**6/120 + v**5/30 - 3*v**4/8 + v**3/6 - 237*v**2 - v - 2. Calculate u(-4).
5
Let f(j) = 8*j + 2. Suppose 7*s - 26 = -36 + 31. Calculate f(s).
26
Let v(l) = 148*l + 15. Let b(n) = 197*n + 17. Let q(g) = 3*b(g) - 4*v(g). Suppose -4*p + 4 = k + 4*k, -5*p - 20 = 0. Suppose h + 25 = -k*h. Give q(h).
-4
Let g = -126 - -214. Let w = g - 91. Let a(y) = -2*y**2 - 5*y - 3. Give a(w).
-6
Let w = 590 - 585. Let u(p) = 94*p - 190*p + 95*p - 2*p**2 + p**2 + 0 - w. Calculate u(0).
-5
Let m be 12*((-3)/(81/30))/((-40)/48). Let s(y) = -y**3 + 18*y**2 - 29*y - 43. Give s(m).
5
Let g(o) be the second derivative of o**4/12 + o**3/2 + o**2/2 + 8154*o. Let i be (0 - (6 + -3)) + 2. Calculate g(i).
-1
Let v(z) = 21 + 35 - 9 - 8*z - 19 + 55. Give v(7).
27
Let h(c) be the third derivative of -c**4/12 + 10*c**3/3 - 9*c**2. Let x be (-4 - 5)*(-5 - 1 - -5). What is h(x)?
2
Let y(m) = m**3 - 2*m**2 + 3*m + 12. Let q(j) = 2*j**2 + 19*j - 233. Let u be q(7). Calculate y(u).
-10
Let d(l) be the second derivative of 8*l**3/3 - 41*l**2/2 - 1032*l. What is d(2)?
-9
Let n(l) = 955*l - 9 + l**2 - 4*l**2 - 938*l. Let j be n(5). Let g(p) = 8*p - 2. What is g(j)?
6
Let t(m) = m**3 - 6*m**2 + 3*m - 9. Suppose 5*j - 250 = -2*n + 7*n, 254 = -5*n + 4*j. Let x = n + 60. Calculate t(x).
9
Suppose 0 = 3*t - 6*t - 33. Let f(z) be the second derivative of -z**4/12 - 2*z**3 - 13*z**2/2 - 19*z - 1. Give f(t).
-2
Let v(t) = -t**3 + 5*t**2 - 4*t - 3. Let l = 4 + -2. Let q be (-7)/14*(0/5)/(-4). Suppose q*a - 4*d = -l*a + 28, 0 = 5*d + 25. Calculate v(a).
-3
Let q(v) = -3*v + 15. Let f = -520 + 519. Let b be ((-3)/12 - f)/(17/136). Give q(b).
-3
Let t be (-63)/(-3) - (36 - 20). Let k(l) = l**2 - 20*l + 71. What is k(t)?
-4
Let s = -935 + 941. Let u(q) = q**3 - 5*q**2 - 3*q - 3. What is u(s)?
15
Let k be -10 + 3 - (1 + -7)*2. Let z(a) = -a**2 + 6*a - 3 + 5 - 3. What is z(k)?
4
Suppose 688 = -6*f - 37*f. Let w be (-2 - 8/f)/(3/14). Let z(g) = -g**3 - 8*g**2 - 8*g + 9. Determine z(w).
16
Let q(v) = 4*v**3 + v**2 - 2*v + 1. Suppose -2*c + 1022 = 2*t, 4*c = -t + 3*t - 1052. Let z = t + -515. Determine q(z).
4
Suppose -5 = -n - 3. Suppose 5*c + z = 2*c + 141, 0 = -2*c + n*z + 86. Let m(t) = -t**2 + t + 0*t + c - 43. Calculate m(-3).
-9
Let s(n) = -28*n**2 - 74*n + 29. Let g(r) = 10*r**2 + 26*r - 10. Let w(i) = 17*g(i) + 6*s(i). Determine w(-3).
28
Let s be 96/(-36) + 2/(-6*1). Let f(x) = -x**2 - x - 1. Let n(w) = -3*w - 4*w + 0 + 4*w - 2*w**2 - 7. Let q(g) = s*f(g) + n(g). Determine q(0).
-4
Let p(n) = -8*n**2 + 7 - 4816*n + 9600*n - 4786*n. Give p(2).
-29
Let l(q) = 5*q - 3. Suppose -5*c - 2*n = -10*c + 585, 2*n = 2*c - 228. Suppose 5 = -118*i + c*i. Suppose 5*w - i = 0, 0 = -4*k - 5*w + 1 + 16. Give l(k).
12
Let n be -3 - 30/(-5 + -1). Let d(s) = s**3 + s**2 - 1. Let t(o) = -3*o**3 - 6*o**2 + o + 4. Let p(b) = n*d(b) + t(b). Give p(-3).
-10
Let a(v) = v + 14. Let u be a(-6). Let z(c) be the first derivative of 1/4*c**4 + 3*c**2 + 9*c - 129 - 3*c**3. What is z(u)?
-7
Let v(i) be the first derivative of -i**3/3 + 4*i**2 - i - 1684. Calculate v(5).
14
Let v(f) = -5*f**2 + 3*f. Let z = 2 - 3. Let u(g) = -g**3 - g**2 - g + 1. Let r(m) = z*v(m) - u(m). Suppose -20*c = -c + 114. What is r(c)?
11
Suppose 2*y - 3*t = -t + 24, 0 = 3*y - 5*t - 44. Let b be (-1)/5 + y/(-10). Let l be (-2)/(-4)*(-27 + b)/2. Let p(m) = -m**2 - 7*m + 4. Give p(l).
4
Let i(k) = k**3 + 8*k**2 + 7*k + 15. Suppose -6*n - 10*n - 386 + 274 = 0. Calculate i(n).
15
Let b(k) = -15*k**3 - k**2 - k - 1. Let z be (-3 - -1)*2*(-260)/(-8). Let d = 129 + z. Give b(d).
14
Let f(w) = 2*w + 33. Suppose 3*r = 12, -2*u - 18 = -3*r + 24. Let i be f(u). Let c(z) = 4 + 0*z**i - 4*z + 0*z**3 - 6*z**2 + 8*z + z**3. Calculate c(5).
-1
Let w(d) = 7*d + 11. Let a be w(0). Suppose p - 17 = -3*m, -5*m + p = -m - a. Let h(f) be the third derivative of -f**5/60 + f**4/6 - 25*f**2. Give h(m).
0
Let o(p) = 2*p**2 + 20*p + 26. Let b be o(-9). Let a(g) be the second derivative of g**5/20 - 3*g**4/4 + 3*g**3/2 - 7*g**2/2 + 2*g + 3. Determine a(b).
1
Let u be 2/(-16) + (-6282)/1296 + (-1)/36. Let b(a) be the first derivative of a**2/2 - 1. What is b(u)?
-5
Let i(q) = 3*q**3 + 2 - 1139*q + 1 - 3*q**2 + 1138*q. What is i(2)?
13
Let n(y) be the third derivative of -y**6/120 + y*